{"id":240,"date":"2021-05-03T09:57:49","date_gmt":"2021-05-03T09:57:49","guid":{"rendered":"https:\/\/ioeterinnoviamo.it\/?page_id=240"},"modified":"2023-03-16T17:01:52","modified_gmt":"2023-03-16T17:01:52","slug":"casa-cf","status":"publish","type":"page","link":"https:\/\/ioeterinnoviamo.it\/index.php\/casa-cf\/","title":{"rendered":"casa cf"},"content":{"rendered":"\t\t<div data-elementor-type=\"wp-page\" data-elementor-id=\"240\" class=\"elementor elementor-240\">\n\t\t\t\t\t\t<div class=\"elementor-inner\">\n\t\t\t\t<div class=\"elementor-section-wrap\">\n\t\t\t\t\t\t\t\t\t<section class=\"elementor-section elementor-top-section elementor-element elementor-element-a943374 elementor-section-boxed elementor-section-height-default elementor-section-height-default\" data-id=\"a943374\" data-element_type=\"section\">\n\t\t\t\t\t\t<div class=\"elementor-container elementor-column-gap-default\">\n\t\t\t\t\t\t\t<div class=\"elementor-row\">\n\t\t\t\t\t<div class=\"elementor-column elementor-col-100 elementor-top-column elementor-element elementor-element-a2d722e\" data-id=\"a2d722e\" data-element_type=\"column\">\n\t\t\t<div class=\"elementor-column-wrap elementor-element-populated\">\n\t\t\t\t\t\t\t<div class=\"elementor-widget-wrap\">\n\t\t\t\t\t\t<div class=\"elementor-element elementor-element-284bf84 elementor-widget elementor-widget-text-editor\" data-id=\"284bf84\" data-element_type=\"widget\" data-widget_type=\"text-editor.default\">\n\t\t\t\t<div class=\"elementor-widget-container\">\n\t\t\t\t\t\t\t\t<div class=\"elementor-text-editor elementor-clearfix\">\n\t\t\t\t<h3><strong>Ecco la nostra casa!<\/strong><\/h3><p style=\"font-size: 15px; font-style: normal; font-weight: 300; color: #4d4d4d;\">Non \u00e8 vero che il ciabattino va in giro con le scarpe rotte!\u00a0<span style=\"font-family: var( --e-global-typography-text-font-family ), Sans-serif; font-size: 15px; font-style: normal; font-weight: 300;\"><br \/>Ok, siamo sinceri: ci abbiamo messo tanto tempo a ristrutturare anche la nostra casa, ma ora \u00e8 proprio come ce la immaginavamo.\u00a0<\/span><span style=\"font-size: 15px; font-style: normal; font-weight: 300; font-family: var( --e-global-typography-text-font-family ), Sans-serif;\"><br \/>Ci siamo sbizzarriti un po&#8217; di pi\u00f9 e questo \u00e8 il risultato.<\/span><\/p>\t\t\t\t\t<\/div>\n\t\t\t\t\t\t<\/div>\n\t\t\t\t<\/div>\n\t\t\t\t\t\t<\/div>\n\t\t\t\t\t<\/div>\n\t\t<\/div>\n\t\t\t\t\t\t\t\t<\/div>\n\t\t\t\t\t<\/div>\n\t\t<\/section>\n\t\t\t\t<section class=\"elementor-section elementor-top-section elementor-element elementor-element-6aec304 elementor-section-boxed elementor-section-height-default elementor-section-height-default\" data-id=\"6aec304\" data-element_type=\"section\">\n\t\t\t\t\t\t<div class=\"elementor-container elementor-column-gap-default\">\n\t\t\t\t\t\t\t<div class=\"elementor-row\">\n\t\t\t\t\t<div class=\"elementor-column elementor-col-50 elementor-top-column elementor-element elementor-element-721315f\" data-id=\"721315f\" data-element_type=\"column\">\n\t\t\t<div class=\"elementor-column-wrap elementor-element-populated\">\n\t\t\t\t\t\t\t<div class=\"elementor-widget-wrap\">\n\t\t\t\t\t\t<div class=\"elementor-element elementor-element-9c24ffc elementor-widget elementor-widget-image\" data-id=\"9c24ffc\" data-element_type=\"widget\" data-widget_type=\"image.default\">\n\t\t\t\t<div class=\"elementor-widget-container\">\n\t\t\t\t\t\t\t\t<div class=\"elementor-image\">\n\t\t\t\t\t\t\t\t\t\t\t\t<img decoding=\"async\" width=\"1600\" height=\"1200\" src=\"https:\/\/ioeterinnoviamo.it\/wp-content\/uploads\/2023\/03\/cf3.jpg\" class=\"attachment-full size-full\" alt=\"\" loading=\"lazy\" srcset=\"https:\/\/ioeterinnoviamo.it\/wp-content\/uploads\/2023\/03\/cf3.jpg 1600w, https:\/\/ioeterinnoviamo.it\/wp-content\/uploads\/2023\/03\/cf3-300x225.jpg 300w, https:\/\/ioeterinnoviamo.it\/wp-content\/uploads\/2023\/03\/cf3-1024x768.jpg 1024w, https:\/\/ioeterinnoviamo.it\/wp-content\/uploads\/2023\/03\/cf3-768x576.jpg 768w, https:\/\/ioeterinnoviamo.it\/wp-content\/uploads\/2023\/03\/cf3-1536x1152.jpg 1536w\" sizes=\"(max-width: 1600px) 100vw, 1600px\" \/>\t\t\t\t\t\t\t\t\t\t\t\t\t\t<\/div>\n\t\t\t\t\t\t<\/div>\n\t\t\t\t<\/div>\n\t\t\t\t\t\t<\/div>\n\t\t\t\t\t<\/div>\n\t\t<\/div>\n\t\t\t\t<div class=\"elementor-column elementor-col-25 elementor-top-column elementor-element elementor-element-81dc853\" data-id=\"81dc853\" data-element_type=\"column\">\n\t\t\t<div class=\"elementor-column-wrap elementor-element-populated\">\n\t\t\t\t\t\t\t<div class=\"elementor-widget-wrap\">\n\t\t\t\t\t\t<div class=\"elementor-element elementor-element-9286e9e elementor-widget elementor-widget-image\" data-id=\"9286e9e\" data-element_type=\"widget\" data-widget_type=\"image.default\">\n\t\t\t\t<div class=\"elementor-widget-container\">\n\t\t\t\t\t\t\t\t<div class=\"elementor-image\">\n\t\t\t\t\t\t\t\t\t\t\t\t<img decoding=\"async\" width=\"212\" height=\"300\" src=\"https:\/\/ioeterinnoviamo.it\/wp-content\/uploads\/2023\/03\/cf1-212x300.jpg\" class=\"attachment-medium size-medium\" alt=\"\" loading=\"lazy\" srcset=\"https:\/\/ioeterinnoviamo.it\/wp-content\/uploads\/2023\/03\/cf1-212x300.jpg 212w, https:\/\/ioeterinnoviamo.it\/wp-content\/uploads\/2023\/03\/cf1-723x1024.jpg 723w, https:\/\/ioeterinnoviamo.it\/wp-content\/uploads\/2023\/03\/cf1-768x1088.jpg 768w, https:\/\/ioeterinnoviamo.it\/wp-content\/uploads\/2023\/03\/cf1-1084x1536.jpg 1084w, https:\/\/ioeterinnoviamo.it\/wp-content\/uploads\/2023\/03\/cf1.jpg 1200w\" sizes=\"(max-width: 212px) 100vw, 212px\" \/>\t\t\t\t\t\t\t\t\t\t\t\t\t\t<\/div>\n\t\t\t\t\t\t<\/div>\n\t\t\t\t<\/div>\n\t\t\t\t\t\t<\/div>\n\t\t\t\t\t<\/div>\n\t\t<\/div>\n\t\t\t\t<div class=\"elementor-column elementor-col-25 elementor-top-column elementor-element elementor-element-fb74801\" data-id=\"fb74801\" data-element_type=\"column\">\n\t\t\t<div class=\"elementor-column-wrap elementor-element-populated\">\n\t\t\t\t\t\t\t<div class=\"elementor-widget-wrap\">\n\t\t\t\t\t\t<div class=\"elementor-element elementor-element-ca548e0 elementor-widget elementor-widget-image\" data-id=\"ca548e0\" data-element_type=\"widget\" data-widget_type=\"image.default\">\n\t\t\t\t<div class=\"elementor-widget-container\">\n\t\t\t\t\t\t\t\t<div class=\"elementor-image\">\n\t\t\t\t\t\t\t\t\t\t\t\t<img decoding=\"async\" width=\"723\" height=\"1024\" src=\"https:\/\/ioeterinnoviamo.it\/wp-content\/uploads\/2021\/04\/4simo-723x1024.jpg\" class=\"attachment-large size-large\" alt=\"\" loading=\"lazy\" srcset=\"https:\/\/ioeterinnoviamo.it\/wp-content\/uploads\/2021\/04\/4simo-723x1024.jpg 723w, https:\/\/ioeterinnoviamo.it\/wp-content\/uploads\/2021\/04\/4simo-212x300.jpg 212w, https:\/\/ioeterinnoviamo.it\/wp-content\/uploads\/2021\/04\/4simo-768x1088.jpg 768w, https:\/\/ioeterinnoviamo.it\/wp-content\/uploads\/2021\/04\/4simo-1084x1536.jpg 1084w, https:\/\/ioeterinnoviamo.it\/wp-content\/uploads\/2021\/04\/4simo.jpg 1200w\" sizes=\"(max-width: 723px) 100vw, 723px\" \/>\t\t\t\t\t\t\t\t\t\t\t\t\t\t<\/div>\n\t\t\t\t\t\t<\/div>\n\t\t\t\t<\/div>\n\t\t\t\t\t\t<\/div>\n\t\t\t\t\t<\/div>\n\t\t<\/div>\n\t\t\t\t\t\t\t\t<\/div>\n\t\t\t\t\t<\/div>\n\t\t<\/section>\n\t\t\t\t<section class=\"elementor-section elementor-top-section elementor-element elementor-element-1d1352b elementor-section-boxed elementor-section-height-default elementor-section-height-default\" data-id=\"1d1352b\" data-element_type=\"section\">\n\t\t\t\t\t\t<div class=\"elementor-container elementor-column-gap-default\">\n\t\t\t\t\t\t\t<div class=\"elementor-row\">\n\t\t\t\t\t<div class=\"elementor-column elementor-col-100 elementor-top-column elementor-element elementor-element-4094d46\" data-id=\"4094d46\" data-element_type=\"column\">\n\t\t\t<div class=\"elementor-column-wrap elementor-element-populated\">\n\t\t\t\t\t\t\t<div class=\"elementor-widget-wrap\">\n\t\t\t\t\t\t<div class=\"elementor-element elementor-element-1e68048 elementor-widget elementor-widget-image\" data-id=\"1e68048\" data-element_type=\"widget\" data-widget_type=\"image.default\">\n\t\t\t\t<div class=\"elementor-widget-container\">\n\t\t\t\t\t\t\t\t<div class=\"elementor-image\">\n\t\t\t\t\t\t\t\t\t\t\t\t<img decoding=\"async\" width=\"1024\" height=\"427\" src=\"https:\/\/ioeterinnoviamo.it\/wp-content\/uploads\/2021\/04\/6simo-1024x427.jpg\" class=\"attachment-large size-large\" alt=\"\" loading=\"lazy\" srcset=\"https:\/\/ioeterinnoviamo.it\/wp-content\/uploads\/2021\/04\/6simo-1024x427.jpg 1024w, https:\/\/ioeterinnoviamo.it\/wp-content\/uploads\/2021\/04\/6simo-300x125.jpg 300w, https:\/\/ioeterinnoviamo.it\/wp-content\/uploads\/2021\/04\/6simo-768x320.jpg 768w, https:\/\/ioeterinnoviamo.it\/wp-content\/uploads\/2021\/04\/6simo-1536x640.jpg 1536w, https:\/\/ioeterinnoviamo.it\/wp-content\/uploads\/2021\/04\/6simo.jpg 1920w\" sizes=\"(max-width: 1024px) 100vw, 1024px\" \/>\t\t\t\t\t\t\t\t\t\t\t\t\t\t<\/div>\n\t\t\t\t\t\t<\/div>\n\t\t\t\t<\/div>\n\t\t\t\t\t\t<\/div>\n\t\t\t\t\t<\/div>\n\t\t<\/div>\n\t\t\t\t\t\t\t\t<\/div>\n\t\t\t\t\t<\/div>\n\t\t<\/section>\n\t\t\t\t<section class=\"elementor-section elementor-top-section elementor-element elementor-element-1e2a758 elementor-section-boxed elementor-section-height-default elementor-section-height-default\" data-id=\"1e2a758\" data-element_type=\"section\">\n\t\t\t\t\t\t<div class=\"elementor-container elementor-column-gap-default\">\n\t\t\t\t\t\t\t<div class=\"elementor-row\">\n\t\t\t\t\t<div class=\"elementor-column elementor-col-100 elementor-top-column elementor-element elementor-element-85c4f7b\" data-id=\"85c4f7b\" data-element_type=\"column\">\n\t\t\t<div class=\"elementor-column-wrap elementor-element-populated\">\n\t\t\t\t\t\t\t<div class=\"elementor-widget-wrap\">\n\t\t\t\t\t\t<div class=\"elementor-element elementor-element-ccdba6a elementor-widget elementor-widget-text-editor\" data-id=\"ccdba6a\" data-element_type=\"widget\" data-widget_type=\"text-editor.default\">\n\t\t\t\t<div class=\"elementor-widget-container\">\n\t\t\t\t\t\t\t\t<div class=\"elementor-text-editor elementor-clearfix\">\n\t\t\t\t<p><strong style=\"color: rgb(58, 58, 58); font-size: 1.66667rem; font-family: var( --e-global-typography-text-font-family ), Sans-serif;\">Per i pi\u00f9 curiosi:<\/strong><br><\/p><p><span style=\"color: #4d4d4d; font-size: 15px; font-style: normal; font-weight: 300;\">La parete di licheni e l&#8217;effetto ruggine al centro, per avere le nostre montagne biellesi anche in sala.<br>La combinazione di neon e cartongesso, per avere insieme al rurale, anche il design.&nbsp;<br>La parete lavagna: l&#8217;aiuto che ci serve a far la spesa, a ricordare l&#8217;appuntamento dal dentista e a regalare un buongiorno speciale.<\/span><\/p>\t\t\t\t\t<\/div>\n\t\t\t\t\t\t<\/div>\n\t\t\t\t<\/div>\n\t\t\t\t\t\t<\/div>\n\t\t\t\t\t<\/div>\n\t\t<\/div>\n\t\t\t\t\t\t\t\t<\/div>\n\t\t\t\t\t<\/div>\n\t\t<\/section>\n\t\t\t\t\t\t\t\t\t<\/div>\n\t\t\t<\/div>\n\t\t\t\t\t<\/div>\n\t\t","protected":false},"excerpt":{"rendered":"<p>Ecco la nostra casa! Non \u00e8 vero che il ciabattino va in giro con le scarpe rotte!\u00a0Ok, siamo sinceri: ci abbiamo messo tanto tempo a ristrutturare anche la nostra casa, ma ora \u00e8 proprio come ce la immaginavamo.\u00a0Ci siamo sbizzarriti un po&#8217; di pi\u00f9 e questo \u00e8 il risultato. Per i pi\u00f9 curiosi: La parete &hellip;<\/p>\n<p class=\"read-more\"> <a class=\"\" href=\"https:\/\/ioeterinnoviamo.it\/index.php\/casa-cf\/\"> <span class=\"screen-reader-text\">casa cf<\/span> Leggi altro &raquo;<\/a><\/p>\n","protected":false},"author":1,"featured_media":0,"parent":0,"menu_order":0,"comment_status":"closed","ping_status":"closed","template":"","meta":{"inline_featured_image":false},"_links":{"self":[{"href":"https:\/\/ioeterinnoviamo.it\/index.php\/wp-json\/wp\/v2\/pages\/240"}],"collection":[{"href":"https:\/\/ioeterinnoviamo.it\/index.php\/wp-json\/wp\/v2\/pages"}],"about":[{"href":"https:\/\/ioeterinnoviamo.it\/index.php\/wp-json\/wp\/v2\/types\/page"}],"author":[{"embeddable":true,"href":"https:\/\/ioeterinnoviamo.it\/index.php\/wp-json\/wp\/v2\/users\/1"}],"replies":[{"embeddable":true,"href":"https:\/\/ioeterinnoviamo.it\/index.php\/wp-json\/wp\/v2\/comments?post=240"}],"version-history":[{"count":5,"href":"https:\/\/ioeterinnoviamo.it\/index.php\/wp-json\/wp\/v2\/pages\/240\/revisions"}],"predecessor-version":[{"id":253,"href":"https:\/\/ioeterinnoviamo.it\/index.php\/wp-json\/wp\/v2\/pages\/240\/revisions\/253"}],"wp:attachment":[{"href":"https:\/\/ioeterinnoviamo.it\/index.php\/wp-json\/wp\/v2\/media?parent=240"}],"curies":[{"name":"wp","href":"https:\/\/api.w.org\/{rel}","templated":true}]}}